{"id":5191,"date":"2022-07-18T04:20:04","date_gmt":"2022-07-18T04:20:04","guid":{"rendered":"https:\/\/demoapus1.com\/educrat\/tutor\/?page_id=17"},"modified":"2022-10-19T10:18:56","modified_gmt":"2022-10-19T10:18:56","slug":"refund_returns-2","status":"publish","type":"page","link":"https:\/\/visoftlda.com\/cursos\/courses\/refund_returns-2\/","title":{"rendered":"Refund and Returns Policy"},"content":{"rendered":"\t\t<div data-elementor-type=\"wp-page\" data-elementor-id=\"5191\" class=\"elementor elementor-5191\">\n\t\t\t\t\t\t<section class=\"elementor-section elementor-top-section elementor-element elementor-element-134c87f3 elementor-section-boxed elementor-section-height-default elementor-section-height-default\" data-id=\"134c87f3\" data-element_type=\"section\">\n\t\t\t\t\t\t<div class=\"elementor-container elementor-column-gap-default\">\n\t\t\t\t\t<div class=\"elementor-column elementor-col-100 elementor-top-column elementor-element elementor-element-7396853e\" data-id=\"7396853e\" data-element_type=\"column\">\n\t\t\t<div class=\"elementor-widget-wrap elementor-element-populated\">\n\t\t\t\t\t\t<div class=\"elementor-element elementor-element-592fe074 elementor-widget elementor-widget-text-editor\" data-id=\"592fe074\" data-element_type=\"widget\" data-widget_type=\"text-editor.default\">\n\t\t\t\t<div class=\"elementor-widget-container\">\n\t\t\t\t\t\t\t\t\t\n<h2>Vis\u00e3o geral<\/h2>\n<p>Comunicamos a nossos caros utentes que, aquisi\u00e7\u00e3o dos nossos produtos Digitais, n\u00e3o dispomos de um reembolso de valores mas sim, por troca de um outro no prazo de 1 \u00fatil, e\u00a0 isso s\u00f3 \u00e9 poss\u00edvel quando\u00a0 VISOFT nota uma falhas no momento de aquisi\u00e7\u00e3o.<\/p>\n<p>Pelo solicita-se aos nossos caros clientes antes comprar uns nossos servi\u00e7os, importa se tenhas em conta as pol\u00edticas e termos de condi\u00e7\u00f5es em uso nesta p\u00e1ginas.<\/p>\n<p><a href=\"http:\/\/themes.vibethemes.com\/wplms\/skins\/demo3\/default-certificate-template\/?c=1242&u=1\"><\/a><\/p>\n<p>\u00a0<\/p>\n\n<div class=\"notranslate\" style=\"all: initial;\">\u00a0<\/div>\t\t\t\t\t\t\t\t<\/div>\n\t\t\t\t<\/div>\n\t\t\t\t\t<\/div>\n\t\t<\/div>\n\t\t\t\t\t<\/div>\n\t\t<\/section>\n\t\t\t\t<\/div>\n\t\t","protected":false},"excerpt":{"rendered":"<p>Vis\u00e3o geral Comunicamos a nossos caros utentes que, aquisi\u00e7\u00e3o dos nossos produtos Digitais, n\u00e3o dispomos de um reembolso de valores mas sim, por troca de um outro no prazo de 1 \u00fatil, e\u00a0 isso s\u00f3 \u00e9 poss\u00edvel quando\u00a0 VISOFT nota uma falhas no momento de aquisi\u00e7\u00e3o. Pelo solicita-se aos nossos caros clientes antes comprar uns [&hellip;]<\/p>\n","protected":false},"author":1,"featured_media":0,"parent":0,"menu_order":0,"comment_status":"closed","ping_status":"closed","template":"","meta":{"inline_featured_image":false,"_monsterinsights_skip_tracking":false,"_monsterinsights_sitenote_active":false,"_monsterinsights_sitenote_note":"","_monsterinsights_sitenote_category":0,"footnotes":""},"class_list":["post-5191","page","type-page","status-publish","hentry"],"_links":{"self":[{"href":"https:\/\/visoftlda.com\/cursos\/courses\/wp-json\/wp\/v2\/pages\/5191","targetHints":{"allow":["GET"]}}],"collection":[{"href":"https:\/\/visoftlda.com\/cursos\/courses\/wp-json\/wp\/v2\/pages"}],"about":[{"href":"https:\/\/visoftlda.com\/cursos\/courses\/wp-json\/wp\/v2\/types\/page"}],"author":[{"embeddable":true,"href":"https:\/\/visoftlda.com\/cursos\/courses\/wp-json\/wp\/v2\/users\/1"}],"replies":[{"embeddable":true,"href":"https:\/\/visoftlda.com\/cursos\/courses\/wp-json\/wp\/v2\/comments?post=5191"}],"version-history":[{"count":9,"href":"https:\/\/visoftlda.com\/cursos\/courses\/wp-json\/wp\/v2\/pages\/5191\/revisions"}],"predecessor-version":[{"id":5518,"href":"https:\/\/visoftlda.com\/cursos\/courses\/wp-json\/wp\/v2\/pages\/5191\/revisions\/5518"}],"wp:attachment":[{"href":"https:\/\/visoftlda.com\/cursos\/courses\/wp-json\/wp\/v2\/media?parent=5191"}],"curies":[{"name":"wp","href":"https:\/\/api.w.org\/{rel}","templated":true}]}}